pose 0 = -n*b + 6*b + 102. What is the tens digit of b?
5
Let k = 59359 + 3077. What is the ten thousands digit of k?
6
Suppose -45*q + 3925932 = 402162. What is the hundreds digit of q?
3
What is the units digit of (0 - (-372)/9)/((-152)/(-105792))?
8
Let h = 10234 - 3235. What is the thousands digit of h?
6
Let c(v) be the first derivative of v**4/4 + 6*v**3 + 15*v**2/2 - 12*v - 1987. Let k = 6 - 22. What is the tens digit of c(k)?
6
Let f(z) = z**3 + 5*z**2 - 5*z + 4. Let j = 31 + -28. Let g be f(j). What is the units digit of g/((-1)/(-4 - -3))?
1
Let k(c) = 9*c - 51. Let f be k(6). Suppose 0 = j - 4*h - 20, 2*h + 13 = -j + f. Suppose 4*l - 149 + 17 = j. What is the tens digit of l?
3
Suppose 5*i - x + 13546 - 4651 = 0, -2*i - 2*x - 3546 = 0. Let p = i - -3072. What is the tens digit of p?
9
Let r = 161787 - 79340. What is the ten thousands digit of r?
8
Let m(r) = 912*r**2 - 65*r + 128. What is the units digit of m(2)?
6
Let j be ((-1)/(-1))/(2/(-4)). Let s be ((-2)/j)/(-1) + 15. What is the units digit of (-525)/(-5)*12/s?
0
Let s = 37795 - -24561. What is the thousands digit of s?
2
Let n = 2413 - -3681. What is the tens digit of n?
9
Let y be (100/(-15) - -6)/((-2)/(-9)) + 644. Suppose 2*s = -s + 60. What is the hundreds digit of (-5)/s - y/(-4)?
1
Let t(x) = -2*x + 17. Let h be t(7). Suppose 6 = -h*o + 21. Let a(l) = -l**3 + 13*l**2 - 9*l + 9. What is the hundreds digit of a(o)?
1
Let d be (2 - -2 - 12)/(-2). Suppose 35 = d*x - 21. Suppose -g + x + 71 = 0. What is the tens digit of g?
8
Suppose -4*u - 2*w + 3884 = 0, w + 1850 = 2*u - 88. Suppose 2*p + 6*f - u = 2*f, 0 = -3*p - 5*f + 1450. What is the tens digit of p?
7
Suppose 0 = 29*b + 135113 - 477313. What is the ten thousands digit of b?
1
Suppose -11*g + 14*g = 27. What is the hundreds digit of (6195/14 - g)*(-4)/(-3)?
5
Let r = -1598 - -21213. What is the thousands digit of r?
9
Suppose -35*h = -49*h + 7798. Let g = h + -260. What is the tens digit of g?
9
Suppose 204683 = 10*r - 107427. What is the tens digit of r?
1
Let n be ((-260)/(-78))/((-4)/654). Let o = n - -1313. What is the hundreds digit of o?
7
Suppose 5*p - 5*m - 118 = -m, -10 = 5*m. Let y = p - 18. Suppose h = -y, 18 = a - 2*h - 4. What is the units digit of a?
4
Let h be ((-7)/4)/(3/(-12)). Let z(u) = -2*u**2 - 57*u + 92. Let m be z(-30). What is the tens digit of (584/(-14))/(-1) + m/h?
4
Suppose -1139654 = -95*p + 16*p. What is the tens digit of p?
2
Suppose -17*j + 0*j = -9775. Suppose -1429 = -12*k + j. What is the tens digit of k?
6
Let x = -63 - -67. Suppose -b + 1360 = 4*n, 2*b - 1956 + 596 = -x*n. What is the tens digit of n?
4
Suppose 5*b + 263 + 261 = -4*w, -3*w + 3*b - 420 = 0. Let v = 440 + w. Suppose v = 11*u - 3*u. What is the units digit of u?
8
Let k(a) = 3*a**2 - 5*a + 16. Let m(g) = -g**3 - 4*g**2 + 1. Suppose 5*x - 3*t + 21 = -t, 0 = 5*x + 5*t. Let d be m(x). What is the units digit of k(d)?
8
Let c be (-2)/7 + (-3 - 148/(-28)). Suppose 445 = c*r - 293. What is the hundreds digit of r?
3
Let z(j) = 23*j - 1 - 12 - 7. What is the tens digit of z(2)?
2
Let x = 614 + -614. Suppose x*u = 6*u - 2316. What is the hundreds digit of u?
3
Let n(m) = -16464*m + 413. What is the hundreds digit of n(-1)?
8
What is the thousands digit of (-5 + 2)*48215/(-15)?
9
Suppose -106*c + 294294 = -100*c. What is the tens digit of c?
4
Let h be (0 - -2)/(((-50)/(-105))/(-10)). Let u be ((-2)/(-7))/((-3)/h). Suppose -u*v = 3*v - 455. What is the units digit of v?
5
Suppose 11*k - 27*k - 12*k = -341488. What is the thousands digit of k?
2
Let y be 4 + 61 + (-4)/(-1). Let t = 6 + y. What is the tens digit of (-4)/(-16) - t/(-4)?
1
Let l = 91 + -6. What is the tens digit of (0 - 3/(-5))*l?
5
What is the tens digit of (-770)/(-28)*-5*-16?
0
Suppose d + 5*g = 78909, 97*d - 99*d - 5*g + 157853 = 0. What is the tens digit of d?
4
Let h(m) = -8*m - 16. Let c be h(-4). Suppose -6*o = -c*o - 40. Let k(t) = -4*t**3 - t**2 + t - 12. What is the tens digit of k(o)?
2
Let x be -2 + 3365/(-25) - 3/(-5). Let t be 2/(-8) + x/(-32). Suppose -n + 72 = d, -t*d - n = -2*d - 145. What is the units digit of d?
3
Let a be 11/(253/867052) + 6/69. What is the tens digit of (-14)/(-10) + -1 - a/(-1030)?
3
Let t be (-1)/10*4*270/18. Let q(o) = 22*o**2 - 7*o - 47. What is the hundreds digit of q(t)?
7
Let z(v) = 7 + 9*v + 9 + 7*v**2 + 16 - 36 - 3*v**3. Let s be z(6). What is the tens digit of (21/6)/(-7)*(0 + s)?
7
Suppose a - 2*h - 6606 = 0, -13221 = -2*a - 14*h + 9*h. What is the thousands digit of a?
6
Let s = -1775 + 2959. Suppose -s = -3*c + c. What is the tens digit of c?
9
Let f = -15 - -45. Suppose -5*x + f = 2*z, -2*x = 4*z - z - 23. Suppose x*k + 3*m - 7 = 3*k, -4*m - 42 = -k. What is the units digit of k?
2
Suppose 8 = 3*a - 7. Let t(d) = -d**3 + 4*d**2 + 7*d - 5. Let c be t(a). Let s = 112 - c. What is the hundreds digit of s?
1
Suppose -611*n + 599*n = -172500. What is the hundreds digit of n?
3
Let b(i) = -4*i + 148. Let p be b(34). Suppose 15*s - 117 = p*s. What is the units digit of s?
9
What is the ten thousands digit of 204766/8 - (-10)/40?
2
Let a be (-1)/(-3) - 3885/(-63). Suppose -5*q = -a + 47. Let l = 185 + q. What is the units digit of l?
8
Let r(f) = -f + 7. Let s be r(4). Suppose 0 = -s*o + o + 8. Suppose 2*c - 765 = -3*c - 2*d, 0 = 3*c + o*d - 473. What is the tens digit of c?
5
Suppose -10*y + 380862 = 71*y. What is the units digit of y?
2
What is the ten thousands digit of 457695/(-14)*98/(-147)?
2
Let r = -145 + 141. Let v(p) = 8*p**2 + 7*p + 5. What is the units digit of v(r)?
5
Suppose 2*z - 11012 = 5*x, -z - 239*x + 243*x = -5500. What is the tens digit of z?
1
Suppose 0 = f + 1, 2*p - 317 = -f + 52. Suppose -p*v + 190*v - 3025 = 0. What is the units digit of v?
5
What is the thousands digit of ((-10)/4)/(230/(-308752))?
3
Let c be -5*(6/(-15) + 1/(-5)). Suppose -2*k - 2 = -3*z, -c*k = 3*z - 5 - 7. Suppose 18 = 4*b + k*b. What is the units digit of b?
3
Let r(h) = -13*h + 3*h**3 - 2*h**2 - 2*h**3 + 20*h**2 - 9 + 28*h - 15. What is the units digit of r(-14)?
0
Suppose -2*f + 24*f - 13*f = 0. Let r(g) = -13*g + 60. What is the units digit of r(f)?
0
Suppose 5*p - 250 + 770 = 0. Let k = p - 33. What is the hundreds digit of -10 - k - ((-2 - 1) + 0)?
1
Let t(k) = -76*k + 46. Let o = -162 - -154. What is the tens digit of t(o)?
5
Suppose -4058176 = -173*n + 337927. What is the thousands digit of n?
5
Suppose 4*w = -a + 1046, -3*a - 14*w = -9*w - 3173. What is the units digit of a?
6
Suppose 0 = 3*u + 9, 0 = 4*d + 5*u - 2398 - 1663. Let l = d + -674. What is the hundreds digit of l?
3
Let y = 2417 - -821. Suppose 0 = -11*x + y + 832. What is the hundreds digit of x?
3
Suppose -29*v + 28*v = -846. Let x = v - -6. What is the units digit of x?
2
Let q(g) = -59*g + 68. Let c be (27 + -6 + -1)*(-6)/8. What is the hundreds digit of q(c)?
9
Let h(t) = -13*t**3 + 2*t**2 + 10*t + 25. Let l(b) = -b**3 - 3*b**2 + 5*b + 11. Let n be l(-2). What is the tens digit of h(n)?
6
Suppose 54 = k - 2. Suppose -14*c + k*c = 33516. What is the hundreds digit of c?
7
What is the units digit of (((-51)/9)/(-1))/(-4 + 337/84)?
6
Let r = -578 - -580. What is the units digit of r?
2
Suppose -2443089 = 44*c - 132*c - 16225. What is the tens digit of c?
7
Let u(r) = r**3 - 8*r**2 + 14*r + 32. Let v be u(8). Suppose v*k = 138*k + 5598. What is the tens digit of k?
3
Suppose 19 + 2 = -3*v. Let i = 12 + v. Suppose 0 = -i*m - 69 + 394. What is the tens digit of m?
6
Let f be 2/10*0 - -1482. Suppose 3*a - 891 = 3*k, 2*k - 2*a + f = -3*k. Let n = k - -417. What is the tens digit of n?
2
Let r = 123344 - 67544. What is the thousands digit of r?
5
Let b be 1/(-1 + 2)*0/2. Suppose -n = -4*k + 9, n + 1 = -b*k - 4*k. What is the tens digit of (-1 - k)/((-6)/228) - 2?
7
Let j(w) = 2*w**2 - w - 10. Let l be j(3). Suppose 16 = -3*h - l*h. What is the units digit of (h/(-4))/((-1)/(-208))?
4
Suppose -2*n + 3 = b + 3*n, 5*b = 5*n - 15. Let v be b/11 + 2/((-88)/(-228)). Suppose -v*y + 125 = 4*k - 147, -16 = 4*y. What is the units digit of k?
3
Let q be -6 + 357/(-7) + 3 + 2. Suppose a + 33 = -10. Let g = a - q. What is the units digit of g?
9
What is the thousands digit of (-4*17611/(-220))/(2/110)?
7
Let i(r) be the second derivative of r**5/60 - r**4/8 + 7*r**